{"id":1413,"date":"2018-04-28T19:29:57","date_gmt":"2018-04-28T17:29:57","guid":{"rendered":"http:\/\/bi-boelgental.de\/?page_id=1413"},"modified":"2018-06-22T14:46:41","modified_gmt":"2018-06-22T12:46:41","slug":"das-steinbruchareal","status":"publish","type":"page","link":"https:\/\/bi-boelgental.de\/?page_id=1413","title":{"rendered":"Das Steinbruchareal"},"content":{"rendered":"<div id=\"pl-1413\"  class=\"panel-layout\" ><div id=\"pg-1413-0\"  class=\"panel-grid panel-no-style\" ><div id=\"pgc-1413-0-0\"  class=\"panel-grid-cell\" ><div id=\"panel-1413-0-0-0\" class=\"so-panel widget widget_sow-slider panel-first-child\" data-index=\"0\" ><div class=\"panel-widget-style panel-widget-style-for-1413-0-0-0\" ><div\n\t\t\t\n\t\t\tclass=\"so-widget-sow-slider so-widget-sow-slider-default-6d39609536fd-1413\"\n\t\t\t\n\t\t>\t\t\t\t<div class=\"sow-slider-base\" style=\"display: none\" tabindex=\"0\">\n\t\t\t\t\t<ul\n\t\t\t\t\tclass=\"sow-slider-images\"\n\t\t\t\t\tdata-settings=\"{&quot;pagination&quot;:true,&quot;speed&quot;:800,&quot;timeout&quot;:5000,&quot;paused&quot;:false,&quot;pause_on_hover&quot;:false,&quot;swipe&quot;:true,&quot;nav_always_show_desktop&quot;:&quot;&quot;,&quot;nav_always_show_mobile&quot;:&quot;&quot;,&quot;breakpoint&quot;:&quot;780px&quot;,&quot;unmute&quot;:false,&quot;anchor&quot;:null}\"\n\t\t\t\t\t\t\t\t\t\tdata-anchor-id=\"\"\n\t\t\t\t>\t\t<li class=\"sow-slider-image\" style=\"visibility: visible;;background-color: #eeee22\" >\n\t\t\t\t\t\t<img loading=\"lazy\" decoding=\"async\" width=\"800\" height=\"530\" src=\"https:\/\/bi-boelgental.de\/wp-content\/uploads\/2018\/04\/01_Luftbild-Neumann-800x600.jpg\" class=\"sow-slider-background-image\" alt=\"\" style=\"\" srcset=\"https:\/\/bi-boelgental.de\/wp-content\/uploads\/2018\/04\/01_Luftbild-Neumann-800x600.jpg 800w, https:\/\/bi-boelgental.de\/wp-content\/uploads\/2018\/04\/01_Luftbild-Neumann-800x600-300x199.jpg 300w, https:\/\/bi-boelgental.de\/wp-content\/uploads\/2018\/04\/01_Luftbild-Neumann-800x600-768x509.jpg 768w, https:\/\/bi-boelgental.de\/wp-content\/uploads\/2018\/04\/01_Luftbild-Neumann-800x600-600x398.jpg 600w\" sizes=\"auto, (max-width: 800px) 100vw, 800px\" \/>\t\t<\/li>\n\t\t\t\t<li class=\"sow-slider-image\" style=\"visibility: hidden;;background-color: #eeee22\" >\n\t\t\t\t\t\t<img loading=\"lazy\" decoding=\"async\" width=\"800\" height=\"530\" src=\"https:\/\/bi-boelgental.de\/wp-content\/uploads\/2018\/04\/02_Luftbild-Neumann-Beschriftung-800x600.jpg\" class=\"sow-slider-background-image\" alt=\"\" style=\"\" srcset=\"https:\/\/bi-boelgental.de\/wp-content\/uploads\/2018\/04\/02_Luftbild-Neumann-Beschriftung-800x600.jpg 800w, https:\/\/bi-boelgental.de\/wp-content\/uploads\/2018\/04\/02_Luftbild-Neumann-Beschriftung-800x600-300x199.jpg 300w, https:\/\/bi-boelgental.de\/wp-content\/uploads\/2018\/04\/02_Luftbild-Neumann-Beschriftung-800x600-768x509.jpg 768w, https:\/\/bi-boelgental.de\/wp-content\/uploads\/2018\/04\/02_Luftbild-Neumann-Beschriftung-800x600-600x398.jpg 600w\" sizes=\"auto, (max-width: 800px) 100vw, 800px\" \/>\t\t<\/li>\n\t\t\t\t<li class=\"sow-slider-image\" style=\"visibility: hidden;;background-color: #eeee22\" >\n\t\t\t\t\t\t<img loading=\"lazy\" decoding=\"async\" width=\"800\" height=\"530\" src=\"https:\/\/bi-boelgental.de\/wp-content\/uploads\/2018\/04\/03_Steinbruch_Kernm\u00fchle_web_800x530.jpg\" class=\"sow-slider-background-image\" alt=\"\" style=\"\" srcset=\"https:\/\/bi-boelgental.de\/wp-content\/uploads\/2018\/04\/03_Steinbruch_Kernm\u00fchle_web_800x530.jpg 800w, https:\/\/bi-boelgental.de\/wp-content\/uploads\/2018\/04\/03_Steinbruch_Kernm\u00fchle_web_800x530-300x199.jpg 300w, https:\/\/bi-boelgental.de\/wp-content\/uploads\/2018\/04\/03_Steinbruch_Kernm\u00fchle_web_800x530-768x509.jpg 768w, https:\/\/bi-boelgental.de\/wp-content\/uploads\/2018\/04\/03_Steinbruch_Kernm\u00fchle_web_800x530-600x398.jpg 600w\" sizes=\"auto, (max-width: 800px) 100vw, 800px\" \/>\t\t<\/li>\n\t\t\t\t<li class=\"sow-slider-image\" style=\"visibility: hidden;;background-color: #eeee22\" >\n\t\t\t\t\t\t<img loading=\"lazy\" decoding=\"async\" width=\"800\" height=\"530\" src=\"https:\/\/bi-boelgental.de\/wp-content\/uploads\/2018\/04\/04_Sprengung_800x530.jpg\" class=\"sow-slider-background-image\" alt=\"\" style=\"\" srcset=\"https:\/\/bi-boelgental.de\/wp-content\/uploads\/2018\/04\/04_Sprengung_800x530.jpg 800w, https:\/\/bi-boelgental.de\/wp-content\/uploads\/2018\/04\/04_Sprengung_800x530-300x199.jpg 300w, https:\/\/bi-boelgental.de\/wp-content\/uploads\/2018\/04\/04_Sprengung_800x530-768x509.jpg 768w, https:\/\/bi-boelgental.de\/wp-content\/uploads\/2018\/04\/04_Sprengung_800x530-600x398.jpg 600w\" sizes=\"auto, (max-width: 800px) 100vw, 800px\" \/>\t\t<\/li>\n\t\t\t\t<li class=\"sow-slider-image\" style=\"visibility: hidden;;background-color: #eeee22\" >\n\t\t\t\t\t\t<img loading=\"lazy\" decoding=\"async\" width=\"800\" height=\"530\" src=\"https:\/\/bi-boelgental.de\/wp-content\/uploads\/2018\/04\/05_Auswirkungen_eines_Steinbruchs_web_800x530.jpg\" class=\"sow-slider-background-image\" alt=\"\" style=\"\" srcset=\"https:\/\/bi-boelgental.de\/wp-content\/uploads\/2018\/04\/05_Auswirkungen_eines_Steinbruchs_web_800x530.jpg 800w, https:\/\/bi-boelgental.de\/wp-content\/uploads\/2018\/04\/05_Auswirkungen_eines_Steinbruchs_web_800x530-300x199.jpg 300w, https:\/\/bi-boelgental.de\/wp-content\/uploads\/2018\/04\/05_Auswirkungen_eines_Steinbruchs_web_800x530-768x509.jpg 768w, https:\/\/bi-boelgental.de\/wp-content\/uploads\/2018\/04\/05_Auswirkungen_eines_Steinbruchs_web_800x530-600x398.jpg 600w\" sizes=\"auto, (max-width: 800px) 100vw, 800px\" \/>\t\t<\/li>\n\t\t\t\t<li class=\"sow-slider-image\" style=\"visibility: hidden;;background-color: #eeee22\" >\n\t\t\t\t\t\t<img loading=\"lazy\" decoding=\"async\" width=\"800\" height=\"530\" src=\"https:\/\/bi-boelgental.de\/wp-content\/uploads\/2018\/04\/06_Sprengung_web_800x530.jpg\" class=\"sow-slider-background-image\" alt=\"\" style=\"\" srcset=\"https:\/\/bi-boelgental.de\/wp-content\/uploads\/2018\/04\/06_Sprengung_web_800x530.jpg 800w, https:\/\/bi-boelgental.de\/wp-content\/uploads\/2018\/04\/06_Sprengung_web_800x530-300x199.jpg 300w, https:\/\/bi-boelgental.de\/wp-content\/uploads\/2018\/04\/06_Sprengung_web_800x530-768x509.jpg 768w, https:\/\/bi-boelgental.de\/wp-content\/uploads\/2018\/04\/06_Sprengung_web_800x530-600x398.jpg 600w\" sizes=\"auto, (max-width: 800px) 100vw, 800px\" \/>\t\t<\/li>\n\t\t\t\t<li class=\"sow-slider-image\" style=\"visibility: hidden;;background-color: #eeee22\" >\n\t\t\t\t\t\t<img loading=\"lazy\" decoding=\"async\" width=\"800\" height=\"530\" src=\"https:\/\/bi-boelgental.de\/wp-content\/uploads\/2018\/04\/07_Staub_web_800x530.jpg\" class=\"sow-slider-background-image\" alt=\"\" style=\"\" srcset=\"https:\/\/bi-boelgental.de\/wp-content\/uploads\/2018\/04\/07_Staub_web_800x530.jpg 800w, https:\/\/bi-boelgental.de\/wp-content\/uploads\/2018\/04\/07_Staub_web_800x530-300x199.jpg 300w, https:\/\/bi-boelgental.de\/wp-content\/uploads\/2018\/04\/07_Staub_web_800x530-768x509.jpg 768w, https:\/\/bi-boelgental.de\/wp-content\/uploads\/2018\/04\/07_Staub_web_800x530-600x398.jpg 600w\" sizes=\"auto, (max-width: 800px) 100vw, 800px\" \/>\t\t<\/li>\n\t\t\t\t<li class=\"sow-slider-image\" style=\"visibility: hidden;;background-color: #eeee22\" >\n\t\t\t\t\t\t<img loading=\"lazy\" decoding=\"async\" width=\"800\" height=\"530\" src=\"https:\/\/bi-boelgental.de\/wp-content\/uploads\/2018\/04\/08_Verkehr_web_800x530.jpg\" class=\"sow-slider-background-image\" alt=\"\" style=\"\" srcset=\"https:\/\/bi-boelgental.de\/wp-content\/uploads\/2018\/04\/08_Verkehr_web_800x530.jpg 800w, https:\/\/bi-boelgental.de\/wp-content\/uploads\/2018\/04\/08_Verkehr_web_800x530-300x199.jpg 300w, https:\/\/bi-boelgental.de\/wp-content\/uploads\/2018\/04\/08_Verkehr_web_800x530-768x509.jpg 768w, https:\/\/bi-boelgental.de\/wp-content\/uploads\/2018\/04\/08_Verkehr_web_800x530-600x398.jpg 600w\" sizes=\"auto, (max-width: 800px) 100vw, 800px\" \/>\t\t<\/li>\n\t\t<\/ul>\t\t\t\t<ol class=\"sow-slider-pagination\">\n\t\t\t\t\t\t\t\t\t\t\t<li><a href=\"#\" data-goto=\"0\" aria-label=\"Display slide 1\"><\/a><\/li>\n\t\t\t\t\t\t\t\t\t\t\t<li><a href=\"#\" data-goto=\"1\" aria-label=\"Display slide 2\"><\/a><\/li>\n\t\t\t\t\t\t\t\t\t\t\t<li><a href=\"#\" data-goto=\"2\" aria-label=\"Display slide 3\"><\/a><\/li>\n\t\t\t\t\t\t\t\t\t\t\t<li><a href=\"#\" data-goto=\"3\" aria-label=\"Display slide 4\"><\/a><\/li>\n\t\t\t\t\t\t\t\t\t\t\t<li><a href=\"#\" data-goto=\"4\" aria-label=\"Display slide 5\"><\/a><\/li>\n\t\t\t\t\t\t\t\t\t\t\t<li><a href=\"#\" data-goto=\"5\" aria-label=\"Display slide 6\"><\/a><\/li>\n\t\t\t\t\t\t\t\t\t\t\t<li><a href=\"#\" data-goto=\"6\" aria-label=\"Display slide 7\"><\/a><\/li>\n\t\t\t\t\t\t\t\t\t\t\t<li><a href=\"#\" data-goto=\"7\" aria-label=\"Display slide 8\"><\/a><\/li>\n\t\t\t\t\t\t\t\t\t<\/ol>\n\n\t\t\t\t<div class=\"sow-slide-nav sow-slide-nav-next\">\n\t\t\t\t\t<a href=\"#\" data-goto=\"next\" aria-label=\"Next slide\" data-action=\"next\">\n\t\t\t\t\t\t<em class=\"sow-sld-icon-thin-right\"><\/em>\n\t\t\t\t\t<\/a>\n\t\t\t\t<\/div>\n\n\t\t\t\t<div class=\"sow-slide-nav sow-slide-nav-prev\">\n\t\t\t\t\t<a href=\"#\" data-goto=\"previous\" aria-label=\"Previous slide\" data-action=\"prev\">\n\t\t\t\t\t\t<em class=\"sow-sld-icon-thin-left\"><\/em>\n\t\t\t\t\t<\/a>\n\t\t\t\t<\/div>\n\t\t\t\t<\/div><\/div><\/div><\/div><div id=\"panel-1413-0-0-1\" class=\"so-panel widget widget_sow-editor\" data-index=\"1\" ><div\n\t\t\t\n\t\t\tclass=\"so-widget-sow-editor so-widget-sow-editor-base\"\n\t\t\t\n\t\t>\n<div class=\"siteorigin-widget-tinymce textwidget\">\n\t<div id=\"attachment_1432\" style=\"width: 310px\" class=\"wp-caption alignleft\"><img aria-describedby=\"caption-attachment-1432\" loading=\"lazy\" decoding=\"async\" class=\"size-medium wp-image-1432\" src=\"http:\/\/bi-boelgental.de\/wp-content\/uploads\/2018\/04\/01_Luftbild-Neumann-800x600-300x199.jpg\" alt=\"\" width=\"300\" height=\"199\" srcset=\"https:\/\/bi-boelgental.de\/wp-content\/uploads\/2018\/04\/01_Luftbild-Neumann-800x600-300x199.jpg 300w, https:\/\/bi-boelgental.de\/wp-content\/uploads\/2018\/04\/01_Luftbild-Neumann-800x600-768x509.jpg 768w, https:\/\/bi-boelgental.de\/wp-content\/uploads\/2018\/04\/01_Luftbild-Neumann-800x600-600x398.jpg 600w, https:\/\/bi-boelgental.de\/wp-content\/uploads\/2018\/04\/01_Luftbild-Neumann-800x600.jpg 800w\" sizes=\"auto, (max-width: 300px) 100vw, 300px\" \/><p id=\"caption-attachment-1432\" class=\"wp-caption-text\">Dieses Luftbild mit Blick auf Jagst- und Gronachtal, mit den beiden Autobahnbr\u00fccken der BAB A6, zeigt das dahinter liegende potentielle Steinbruchareal in unversehrtem Zustand, als landwirtschaftlich genutzte Fl\u00e4che. Im Hintergrund ist die Ortschaft B\u00f6lgental zu erkennen.<br \/>Luftbild: Otto Neumann, Crailsheim<\/p><\/div>\n<div id=\"attachment_1433\" style=\"width: 310px\" class=\"wp-caption alignright\"><img aria-describedby=\"caption-attachment-1433\" loading=\"lazy\" decoding=\"async\" class=\"size-medium wp-image-1433\" src=\"http:\/\/bi-boelgental.de\/wp-content\/uploads\/2018\/04\/02_Luftbild-Neumann-Beschriftung-800x600-300x199.jpg\" alt=\"\" width=\"300\" height=\"199\" srcset=\"https:\/\/bi-boelgental.de\/wp-content\/uploads\/2018\/04\/02_Luftbild-Neumann-Beschriftung-800x600-300x199.jpg 300w, https:\/\/bi-boelgental.de\/wp-content\/uploads\/2018\/04\/02_Luftbild-Neumann-Beschriftung-800x600-768x509.jpg 768w, https:\/\/bi-boelgental.de\/wp-content\/uploads\/2018\/04\/02_Luftbild-Neumann-Beschriftung-800x600-600x398.jpg 600w, https:\/\/bi-boelgental.de\/wp-content\/uploads\/2018\/04\/02_Luftbild-Neumann-Beschriftung-800x600.jpg 800w\" sizes=\"auto, (max-width: 300px) 100vw, 300px\" \/><p id=\"caption-attachment-1433\" class=\"wp-caption-text\">Der gleiche Blick, nun mit der rot markierten geplanten Abbaufl\u00e4che (ca. 20 Hektar), zeigt die gewaltigen Dimensionen des Abbauvorhabens. Und das Ganze in unmittelbarer N\u00e4he zu den FFH-Gebieten von Jagst- und Gronachtal sowie nur ca. 300m entfernt zur Wohnbebauung von B\u00f6lgental.<\/p><\/div>\n<\/div>\n<\/div><\/div><div id=\"panel-1413-0-0-2\" class=\"so-panel widget widget_sow-editor\" data-index=\"2\" ><div\n\t\t\t\n\t\t\tclass=\"so-widget-sow-editor so-widget-sow-editor-base\"\n\t\t\t\n\t\t>\n<div class=\"siteorigin-widget-tinymce textwidget\">\n\t<div id=\"attachment_1457\" style=\"width: 310px\" class=\"wp-caption alignleft\"><img aria-describedby=\"caption-attachment-1457\" loading=\"lazy\" decoding=\"async\" class=\"size-medium wp-image-1457\" src=\"http:\/\/bi-boelgental.de\/wp-content\/uploads\/2018\/04\/03_Steinbruch_Kernm\u00fchle_web_800x530-300x199.jpg\" alt=\"\" width=\"300\" height=\"199\" srcset=\"https:\/\/bi-boelgental.de\/wp-content\/uploads\/2018\/04\/03_Steinbruch_Kernm\u00fchle_web_800x530-300x199.jpg 300w, https:\/\/bi-boelgental.de\/wp-content\/uploads\/2018\/04\/03_Steinbruch_Kernm\u00fchle_web_800x530-768x509.jpg 768w, https:\/\/bi-boelgental.de\/wp-content\/uploads\/2018\/04\/03_Steinbruch_Kernm\u00fchle_web_800x530-600x398.jpg 600w, https:\/\/bi-boelgental.de\/wp-content\/uploads\/2018\/04\/03_Steinbruch_Kernm\u00fchle_web_800x530.jpg 800w\" sizes=\"auto, (max-width: 300px) 100vw, 300px\" \/><p id=\"caption-attachment-1457\" class=\"wp-caption-text\">Zuk\u00fcnftig k\u00f6nnte der Blick in ein gro\u00dfes graues Loch gerichtet werden, wie in diesem Beispiel. Bild: Privat<\/p><\/div>\n<div id=\"attachment_1469\" style=\"width: 310px\" class=\"wp-caption alignright\"><img aria-describedby=\"caption-attachment-1469\" loading=\"lazy\" decoding=\"async\" class=\"wp-image-1469 size-medium\" src=\"http:\/\/bi-boelgental.de\/wp-content\/uploads\/2018\/04\/04_Sprengung_800x530-300x199.jpg\" alt=\"\" width=\"300\" height=\"199\" srcset=\"https:\/\/bi-boelgental.de\/wp-content\/uploads\/2018\/04\/04_Sprengung_800x530-300x199.jpg 300w, https:\/\/bi-boelgental.de\/wp-content\/uploads\/2018\/04\/04_Sprengung_800x530-768x509.jpg 768w, https:\/\/bi-boelgental.de\/wp-content\/uploads\/2018\/04\/04_Sprengung_800x530-600x398.jpg 600w, https:\/\/bi-boelgental.de\/wp-content\/uploads\/2018\/04\/04_Sprengung_800x530.jpg 800w\" sizes=\"auto, (max-width: 300px) 100vw, 300px\" \/><p id=\"caption-attachment-1469\" class=\"wp-caption-text\">Auch dieser Anblick droht zuk\u00fcnftig dem Betrachter, mit allem was dazu geh\u00f6rt \u2013 L\u00e4rm \u2013 Staub \u2013 Ersch\u00fctterungen, eben alles was so ein Steinbruch im Betrieb zu bieten hat. Die m\u00f6glichen Folgen f\u00fcr die Umgebung, stellen die nachfolgenden Bilder und verlinkten Seiten dar.<\/p><\/div>\n<\/div>\n<\/div><\/div><div id=\"panel-1413-0-0-3\" class=\"so-panel widget widget_sow-editor panel-last-child\" data-index=\"3\" ><div\n\t\t\t\n\t\t\tclass=\"so-widget-sow-editor so-widget-sow-editor-base\"\n\t\t\t\n\t\t>\n<div class=\"siteorigin-widget-tinymce textwidget\">\n\t<p><span style=\"color: #ff0000;\">____________________________________________________________________________________________<\/span><\/p>\n<p><strong><span style=\"color: #0000ff;\">Muschelkalkvorkommen auf einer Fl\u00e4che die ca. 400 Hektar umfasst!<\/span><\/strong><\/p>\n<div id=\"attachment_1715\" style=\"width: 310px\" class=\"wp-caption alignnone\"><img aria-describedby=\"caption-attachment-1715\" loading=\"lazy\" decoding=\"async\" class=\"size-medium wp-image-1715\" src=\"http:\/\/bi-boelgental.de\/wp-content\/uploads\/2018\/06\/Karte-Muschelkalkvorkommen-B\u00f6lgental-Gr\u00f6ningen-300x300.jpg\" alt=\"\" width=\"300\" height=\"300\" srcset=\"https:\/\/bi-boelgental.de\/wp-content\/uploads\/2018\/06\/Karte-Muschelkalkvorkommen-B\u00f6lgental-Gr\u00f6ningen-300x300.jpg 300w, https:\/\/bi-boelgental.de\/wp-content\/uploads\/2018\/06\/Karte-Muschelkalkvorkommen-B\u00f6lgental-Gr\u00f6ningen-150x150.jpg 150w, https:\/\/bi-boelgental.de\/wp-content\/uploads\/2018\/06\/Karte-Muschelkalkvorkommen-B\u00f6lgental-Gr\u00f6ningen-600x600.jpg 600w, https:\/\/bi-boelgental.de\/wp-content\/uploads\/2018\/06\/Karte-Muschelkalkvorkommen-B\u00f6lgental-Gr\u00f6ningen.jpg 750w\" sizes=\"auto, (max-width: 300px) 100vw, 300px\" \/><p id=\"caption-attachment-1715\" class=\"wp-caption-text\">Blau dargestellt: Fl\u00e4chen mit Muschelkalkvorkommen<br \/>Rot dargestellt: Erkundungsborhrungen (BO6826\/..)<\/p><\/div>\n<p>Dieser Kartenauszug zeigt die Lagerfl\u00e4chen des Oberen Muschelkalks entlang der Jagst, ausgehend von der Ortschaft Tiefenbach bis kurz vor die Ortschaft Mistlau, sowie die Fl\u00e4chen um die Ortschaft B\u00f6lgental und Richtung Gr\u00f6nigen. Dabei umfasst allein das Areal mit Muschelkalkvorkommen, bei B\u00f6lgental und Gr\u00f6ningen eine Fl\u00e4che von ca. 400 Hektar.<\/p>\n<p>Das Landesamt f\u00fcr Geologie, Rohstoffe, Bergbau (LGRB) beschreibt die Fl\u00e4chenabgrenzung der Lagerst\u00e4tten wie folgt:<\/p>\n<p><strong>Fl\u00e4chenabgrenzung:<\/strong><\/p>\n<ol>\n<li>\u00c4u\u00dfere Begrenzung: S\u00fcdwesten und Westen: <span style=\"color: #ff0000;\">300 m Abstand zur Ortschaft B\u00f6lgental<\/span> und das Jagsttal. Nordwesten: 300 m Abstand zur Ortschaft Mistlau. Norden: Blattrand, dort aber Fortsetzung des Vorkommens nach Norden auf die GK 25, Blatt 6726 Rot am See. Osten und S\u00fcdosten: <span style=\"color: #ff0000;\">300 m Abstand zur Ortschaft Gr\u00f6ningen<\/span> und Verwerfung westlich Gr\u00f6ningen mit Zunahme der Abraumm\u00e4chtigkeit auf der \u00f6stlichen Tiefscholle (vgl. GK 25), S\u00fcden: Gronachtal und s\u00fcd\u00f6stlich B\u00f6lgental 100 m Abstand zur A6.<\/li>\n<li>Innere Begrenzung: Allseitig 300 m Abstand zur Ortschaft B\u00f6lgental.<\/li>\n<\/ol>\n<p><strong>Erl\u00e4uterung zur Bewertung:<\/strong><\/p>\n<p>Die Bewertung beruht auf der aufgeschlossenen und fr\u00fcher genutzten Gesteinsfolge des Oberen Muschelkalks in den Gewinnungsstellen RG 6826-8, RG 6826-101, 6826-104, 6826-105, RG 6826-108, RG 6826-109 und RG 6826-319, auf der in den Rohstofferkundungsbohrungen BO6826\/17 und BO6826\/20 (Fa. Sch\u00f6n + Hippelein) erbohrten Gesteinsfolge des Oberen Muschelkalks, auf der rohstoffgeologischen \u00dcbersichtskartierung des LGRB und auf der Interpretation der GK 25.<\/p>\n<p><strong>Sonstiges:<\/strong><\/p>\n<ol>\n<li>Das Vorkommen setzt sich nach Norden auf die GK 25, Blatt 6726 Rot am See fort.<\/li>\n<li>Im fr\u00fcheren Steinbruch \u00f6stlich Mistlau (RG 6826-101) wurden aus den trochitenreichen Schillkalksteinen in den Oberen Encrinusb\u00e4nken der Unteren Hauptmuschelkalk-Fm. bis ca. 1990 von der Fa. Sch\u00f6n + Hippelein Naturwerksteine gewonnen.<\/li>\n<li>Der Nord-, West- und S\u00fcdrand des Vorkommens liegen im LSG Nr. 1.27.090 \u201eJagsttal mit Seitent\u00e4lern zwischen Crailsheim und Kirchberg\u201c, im gleichnamigen NSG Nr. 1.256 und im geplanten FFH-Gebiet Nr. 6825-341 \u201eJagst bei Kirchberg und Brettach\u201c. Eine m\u00f6gliche Gesteinsgewinnung im Hangabbau (s. o.) wird durch diese Schutzgebiete derzeit stark behindert oder verhindert.<\/li>\n<\/ol>\n<p>Die ganze Beschreibung als PDF: <a href=\"http:\/\/bi-boelgental.de\/wp-content\/uploads\/2018\/06\/Lagerst\u00e4ttenbeschreibung-zur-Karte-Muschelkalkvorkommen-B\u00f6lgental-Gr\u00f6ningen.pdf\" target=\"_blank\" rel=\"noopener\">LGRB KMR 50, Blatt L 6924 Crailsheim, 1. Aufl. 2005<\/a><\/p>\n<p><span style=\"color: #ff0000;\">____________________________________________________________________________________________<\/span><\/p>\n<\/div>\n<\/div><\/div><\/div><\/div><div id=\"pg-1413-1\"  class=\"panel-grid panel-no-style\" ><div id=\"pgc-1413-1-0\"  class=\"panel-grid-cell\" ><div id=\"panel-1413-1-0-0\" class=\"so-panel widget widget_sow-editor panel-first-child\" data-index=\"4\" ><div\n\t\t\t\n\t\t\tclass=\"so-widget-sow-editor so-widget-sow-editor-base\"\n\t\t\t\n\t\t>\n<div class=\"siteorigin-widget-tinymce textwidget\">\n\t<p><img loading=\"lazy\" decoding=\"async\" class=\"alignnone size-medium wp-image-1500\" src=\"http:\/\/bi-boelgental.de\/wp-content\/uploads\/2018\/04\/05_Auswirkungen_eines_Steinbruchs_web_800x530-300x199.jpg\" alt=\"\" width=\"300\" height=\"199\" srcset=\"https:\/\/bi-boelgental.de\/wp-content\/uploads\/2018\/04\/05_Auswirkungen_eines_Steinbruchs_web_800x530-300x199.jpg 300w, https:\/\/bi-boelgental.de\/wp-content\/uploads\/2018\/04\/05_Auswirkungen_eines_Steinbruchs_web_800x530-768x509.jpg 768w, https:\/\/bi-boelgental.de\/wp-content\/uploads\/2018\/04\/05_Auswirkungen_eines_Steinbruchs_web_800x530-600x398.jpg 600w, https:\/\/bi-boelgental.de\/wp-content\/uploads\/2018\/04\/05_Auswirkungen_eines_Steinbruchs_web_800x530.jpg 800w\" sizes=\"auto, (max-width: 300px) 100vw, 300px\" \/> Zur Seite: <span style=\"color: #0000ff;\"><a style=\"color: #0000ff;\" href=\"https:\/\/bi-boelgental.de\/?page_id=1495&amp;preview=true\" target=\"_blank\" rel=\"noopener\"><strong><span style=\"color: #993300;\">Auswirkungen eines Steinbruchs<\/span><\/strong><\/a><\/span><\/p>\n<\/div>\n<\/div><\/div><div id=\"panel-1413-1-0-1\" class=\"so-panel widget widget_sow-editor\" data-index=\"5\" ><div\n\t\t\t\n\t\t\tclass=\"so-widget-sow-editor so-widget-sow-editor-base\"\n\t\t\t\n\t\t>\n<div class=\"siteorigin-widget-tinymce textwidget\">\n\t<p><img loading=\"lazy\" decoding=\"async\" class=\"alignnone size-medium wp-image-1483\" src=\"http:\/\/bi-boelgental.de\/wp-content\/uploads\/2018\/04\/06_Sprengung_web_800x530-300x199.jpg\" alt=\"\" width=\"300\" height=\"199\" srcset=\"https:\/\/bi-boelgental.de\/wp-content\/uploads\/2018\/04\/06_Sprengung_web_800x530-300x199.jpg 300w, https:\/\/bi-boelgental.de\/wp-content\/uploads\/2018\/04\/06_Sprengung_web_800x530-768x509.jpg 768w, https:\/\/bi-boelgental.de\/wp-content\/uploads\/2018\/04\/06_Sprengung_web_800x530-600x398.jpg 600w, https:\/\/bi-boelgental.de\/wp-content\/uploads\/2018\/04\/06_Sprengung_web_800x530.jpg 800w\" sizes=\"auto, (max-width: 300px) 100vw, 300px\" \/> Zur Seite: <span style=\"color: #0000ff;\"><a style=\"color: #0000ff;\" href=\"https:\/\/bi-boelgental.de\/?page_id=1495&amp;preview=true\" target=\"_blank\" rel=\"noopener\"><strong><span style=\"color: #993300;\">Sprengungen<\/span><\/strong><\/a><\/span><\/p>\n<\/div>\n<\/div><\/div><div id=\"panel-1413-1-0-2\" class=\"so-panel widget widget_sow-editor\" data-index=\"6\" ><div\n\t\t\t\n\t\t\tclass=\"so-widget-sow-editor so-widget-sow-editor-base\"\n\t\t\t\n\t\t>\n<div class=\"siteorigin-widget-tinymce textwidget\">\n\t<p><img loading=\"lazy\" decoding=\"async\" class=\"alignnone size-medium wp-image-1484\" src=\"http:\/\/bi-boelgental.de\/wp-content\/uploads\/2018\/04\/07_Staub_web_800x530-300x199.jpg\" alt=\"\" width=\"300\" height=\"199\" srcset=\"https:\/\/bi-boelgental.de\/wp-content\/uploads\/2018\/04\/07_Staub_web_800x530-300x199.jpg 300w, https:\/\/bi-boelgental.de\/wp-content\/uploads\/2018\/04\/07_Staub_web_800x530-768x509.jpg 768w, https:\/\/bi-boelgental.de\/wp-content\/uploads\/2018\/04\/07_Staub_web_800x530-600x398.jpg 600w, https:\/\/bi-boelgental.de\/wp-content\/uploads\/2018\/04\/07_Staub_web_800x530.jpg 800w\" sizes=\"auto, (max-width: 300px) 100vw, 300px\" \/> Zur Seite: <a href=\"https:\/\/bi-boelgental.de\/?page_id=1495&amp;preview=true\" target=\"_blank\" rel=\"noopener\"><span style=\"color: #0000ff;\"><strong><span style=\"color: #993300;\">Staub<\/span><\/strong><\/span><\/a><\/p>\n<\/div>\n<\/div><\/div><div id=\"panel-1413-1-0-3\" class=\"so-panel widget widget_sow-editor panel-last-child\" data-index=\"7\" ><div\n\t\t\t\n\t\t\tclass=\"so-widget-sow-editor so-widget-sow-editor-base\"\n\t\t\t\n\t\t>\n<div class=\"siteorigin-widget-tinymce textwidget\">\n\t<p><img loading=\"lazy\" decoding=\"async\" class=\"alignnone size-medium wp-image-1485\" src=\"http:\/\/bi-boelgental.de\/wp-content\/uploads\/2018\/04\/08_Verkehr_web_800x530-300x199.jpg\" alt=\"\" width=\"300\" height=\"199\" srcset=\"https:\/\/bi-boelgental.de\/wp-content\/uploads\/2018\/04\/08_Verkehr_web_800x530-300x199.jpg 300w, https:\/\/bi-boelgental.de\/wp-content\/uploads\/2018\/04\/08_Verkehr_web_800x530-768x509.jpg 768w, https:\/\/bi-boelgental.de\/wp-content\/uploads\/2018\/04\/08_Verkehr_web_800x530-600x398.jpg 600w, https:\/\/bi-boelgental.de\/wp-content\/uploads\/2018\/04\/08_Verkehr_web_800x530.jpg 800w\" sizes=\"auto, (max-width: 300px) 100vw, 300px\" \/>\u00a0Zur Seite: <span style=\"color: #0000ff;\"><a style=\"color: #0000ff;\" href=\"https:\/\/bi-boelgental.de\/?page_id=1495&amp;preview=true\" target=\"_blank\" rel=\"noopener\"><strong><span style=\"color: #993300;\">Verkehr<\/span><\/strong><\/a><\/span><\/p>\n<\/div>\n<\/div><\/div><\/div><\/div><\/div>","protected":false},"excerpt":{"rendered":"<p>____________________________________________________________________________________________ Muschelkalkvorkommen auf einer Fl\u00e4che die ca. 400 Hektar umfasst! Dieser Kartenauszug zeigt die Lagerfl\u00e4chen des Oberen Muschelkalks entlang der Jagst, ausgehend von der Ortschaft Tiefenbach bis kurz vor die Ortschaft Mistlau, sowie die Fl\u00e4chen um die Ortschaft B\u00f6lgental und&#8230; <a class=\"more-link\" href=\"https:\/\/bi-boelgental.de\/?page_id=1413\">Weiterlesen &rarr;<\/a><\/p>\n","protected":false},"author":1,"featured_media":0,"parent":0,"menu_order":0,"comment_status":"closed","ping_status":"closed","template":"","meta":{"footnotes":""},"class_list":["post-1413","page","type-page","status-publish","hentry"],"_links":{"self":[{"href":"https:\/\/bi-boelgental.de\/index.php?rest_route=\/wp\/v2\/pages\/1413","targetHints":{"allow":["GET"]}}],"collection":[{"href":"https:\/\/bi-boelgental.de\/index.php?rest_route=\/wp\/v2\/pages"}],"about":[{"href":"https:\/\/bi-boelgental.de\/index.php?rest_route=\/wp\/v2\/types\/page"}],"author":[{"embeddable":true,"href":"https:\/\/bi-boelgental.de\/index.php?rest_route=\/wp\/v2\/users\/1"}],"replies":[{"embeddable":true,"href":"https:\/\/bi-boelgental.de\/index.php?rest_route=%2Fwp%2Fv2%2Fcomments&post=1413"}],"version-history":[{"count":94,"href":"https:\/\/bi-boelgental.de\/index.php?rest_route=\/wp\/v2\/pages\/1413\/revisions"}],"predecessor-version":[{"id":1724,"href":"https:\/\/bi-boelgental.de\/index.php?rest_route=\/wp\/v2\/pages\/1413\/revisions\/1724"}],"wp:attachment":[{"href":"https:\/\/bi-boelgental.de\/index.php?rest_route=%2Fwp%2Fv2%2Fmedia&parent=1413"}],"curies":[{"name":"wp","href":"https:\/\/api.w.org\/{rel}","templated":true}]}}