{"id":1727,"date":"2018-06-22T17:16:40","date_gmt":"2018-06-22T15:16:40","guid":{"rendered":"http:\/\/bi-boelgental.de\/?page_id=1727"},"modified":"2018-07-10T19:47:07","modified_gmt":"2018-07-10T17:47:07","slug":"buergerentscheid","status":"publish","type":"page","link":"https:\/\/bi-boelgental.de\/?page_id=1727","title":{"rendered":"B\u00fcrgerentscheid"},"content":{"rendered":"<div id=\"pl-1727\"  class=\"panel-layout\" ><div id=\"pg-1727-0\"  class=\"panel-grid panel-no-style\" ><div id=\"pgc-1727-0-0\"  class=\"panel-grid-cell\" ><div id=\"panel-1727-0-0-0\" class=\"so-panel widget widget_sow-editor panel-first-child\" data-index=\"0\" ><div\n\t\t\t\n\t\t\tclass=\"so-widget-sow-editor so-widget-sow-editor-base\"\n\t\t\t\n\t\t>\n<div class=\"siteorigin-widget-tinymce textwidget\">\n\t<header>\n<h1>Das Ergebnis des B\u00fcrgerentscheids!<\/h1>\n<p>&nbsp;<\/p>\n<\/header>\n<div class=\"entry-content\">\n<p><span style=\"color: #0000ff;\"><strong>Der Sieg ist unser!<\/strong><\/span> Eine klare Mehrheit der Satteldorfer B\u00fcrger hat am 01.07.2018 mit \"Ja\" gestimmt und damit den B\u00fcrgerentscheid im Sinne der B\u00fcrgerinitiative entschieden! Einfach grandios, unglaublich!!!!!<\/p>\n<p><span style=\"color: #ff0000;\"><strong>Damit haben jetzt Gemeinderat und Gemeindeverwaltung den erkl\u00e4rten B\u00fcrgerwillen umzusetzen, alle rechtlich zul\u00e4ssigen Ma\u00dfnahmen zu ergreifen, um die im Regionalplan Heilbronn-Franken 2020 als Rohstoffsicherungsfl\u00e4che ausgewiesene Fl\u00e4che, zwischen Gr\u00f6ningen und B\u00f6lgental von einem neuen Steinbruch freizuhalten!<\/strong><\/span><\/p>\n<p>&nbsp;<\/p>\n<\/div>\n<\/div>\n<\/div><\/div><div id=\"panel-1727-0-0-1\" class=\"so-panel widget widget_sow-image\" data-index=\"1\" ><div\n\t\t\t\n\t\t\tclass=\"so-widget-sow-image so-widget-sow-image-default-8b5b6f678277-1727\"\n\t\t\t\n\t\t>\n<div class=\"sow-image-container\">\n\t\t<img \n\tsrc=\"https:\/\/bi-boelgental.de\/wp-content\/uploads\/2018\/06\/Startbild_01.jpg\" width=\"1059\" height=\"794\" srcset=\"https:\/\/bi-boelgental.de\/wp-content\/uploads\/2018\/06\/Startbild_01.jpg 1059w, https:\/\/bi-boelgental.de\/wp-content\/uploads\/2018\/06\/Startbild_01-300x225.jpg 300w, https:\/\/bi-boelgental.de\/wp-content\/uploads\/2018\/06\/Startbild_01-768x576.jpg 768w, https:\/\/bi-boelgental.de\/wp-content\/uploads\/2018\/06\/Startbild_01-1024x768.jpg 1024w, https:\/\/bi-boelgental.de\/wp-content\/uploads\/2018\/06\/Startbild_01-945x709.jpg 945w, https:\/\/bi-boelgental.de\/wp-content\/uploads\/2018\/06\/Startbild_01-600x450.jpg 600w\" sizes=\"(max-width: 1059px) 100vw, 1059px\" alt=\"\" \t\tclass=\"so-widget-image\"\/>\n\t<\/div>\n\n<\/div><\/div><div id=\"panel-1727-0-0-2\" class=\"so-panel widget widget_sow-image\" data-index=\"2\" ><div\n\t\t\t\n\t\t\tclass=\"so-widget-sow-image so-widget-sow-image-default-8b5b6f678277-1727\"\n\t\t\t\n\t\t>\n<div class=\"sow-image-container\">\n\t\t<img \n\tsrc=\"https:\/\/bi-boelgental.de\/wp-content\/uploads\/2018\/06\/B\u00fcrgerentscheid_01.jpg\" width=\"1064\" height=\"800\" srcset=\"https:\/\/bi-boelgental.de\/wp-content\/uploads\/2018\/06\/B\u00fcrgerentscheid_01.jpg 1064w, https:\/\/bi-boelgental.de\/wp-content\/uploads\/2018\/06\/B\u00fcrgerentscheid_01-300x226.jpg 300w, https:\/\/bi-boelgental.de\/wp-content\/uploads\/2018\/06\/B\u00fcrgerentscheid_01-768x577.jpg 768w, https:\/\/bi-boelgental.de\/wp-content\/uploads\/2018\/06\/B\u00fcrgerentscheid_01-1024x770.jpg 1024w, https:\/\/bi-boelgental.de\/wp-content\/uploads\/2018\/06\/B\u00fcrgerentscheid_01-945x711.jpg 945w, https:\/\/bi-boelgental.de\/wp-content\/uploads\/2018\/06\/B\u00fcrgerentscheid_01-600x451.jpg 600w\" sizes=\"(max-width: 1064px) 100vw, 1064px\" alt=\"\" \t\tclass=\"so-widget-image\"\/>\n\t<\/div>\n\n<\/div><\/div><div id=\"panel-1727-0-0-3\" class=\"so-panel widget widget_sow-image\" data-index=\"3\" ><div\n\t\t\t\n\t\t\tclass=\"so-widget-sow-image so-widget-sow-image-default-8b5b6f678277-1727\"\n\t\t\t\n\t\t>\n<div class=\"sow-image-container\">\n\t\t<img \n\tsrc=\"https:\/\/bi-boelgental.de\/wp-content\/uploads\/2018\/06\/B\u00fcrgerentscheid_02.jpg\" width=\"1063\" height=\"799\" srcset=\"https:\/\/bi-boelgental.de\/wp-content\/uploads\/2018\/06\/B\u00fcrgerentscheid_02.jpg 1063w, https:\/\/bi-boelgental.de\/wp-content\/uploads\/2018\/06\/B\u00fcrgerentscheid_02-300x225.jpg 300w, https:\/\/bi-boelgental.de\/wp-content\/uploads\/2018\/06\/B\u00fcrgerentscheid_02-768x577.jpg 768w, https:\/\/bi-boelgental.de\/wp-content\/uploads\/2018\/06\/B\u00fcrgerentscheid_02-1024x770.jpg 1024w, https:\/\/bi-boelgental.de\/wp-content\/uploads\/2018\/06\/B\u00fcrgerentscheid_02-945x710.jpg 945w, https:\/\/bi-boelgental.de\/wp-content\/uploads\/2018\/06\/B\u00fcrgerentscheid_02-600x451.jpg 600w\" sizes=\"(max-width: 1063px) 100vw, 1063px\" alt=\"\" \t\tclass=\"so-widget-image\"\/>\n\t<\/div>\n\n<\/div><\/div><div id=\"panel-1727-0-0-4\" class=\"so-panel widget widget_sow-image\" data-index=\"4\" ><div\n\t\t\t\n\t\t\tclass=\"so-widget-sow-image so-widget-sow-image-default-8b5b6f678277-1727\"\n\t\t\t\n\t\t>\n<div class=\"sow-image-container\">\n\t\t<img \n\tsrc=\"https:\/\/bi-boelgental.de\/wp-content\/uploads\/2018\/06\/B\u00fcrgerentscheid_03.jpg\" width=\"1059\" height=\"796\" srcset=\"https:\/\/bi-boelgental.de\/wp-content\/uploads\/2018\/06\/B\u00fcrgerentscheid_03.jpg 1059w, https:\/\/bi-boelgental.de\/wp-content\/uploads\/2018\/06\/B\u00fcrgerentscheid_03-300x225.jpg 300w, https:\/\/bi-boelgental.de\/wp-content\/uploads\/2018\/06\/B\u00fcrgerentscheid_03-768x577.jpg 768w, https:\/\/bi-boelgental.de\/wp-content\/uploads\/2018\/06\/B\u00fcrgerentscheid_03-1024x770.jpg 1024w, https:\/\/bi-boelgental.de\/wp-content\/uploads\/2018\/06\/B\u00fcrgerentscheid_03-945x710.jpg 945w, https:\/\/bi-boelgental.de\/wp-content\/uploads\/2018\/06\/B\u00fcrgerentscheid_03-600x451.jpg 600w\" sizes=\"(max-width: 1059px) 100vw, 1059px\" alt=\"\" \t\tclass=\"so-widget-image\"\/>\n\t<\/div>\n\n<\/div><\/div><div id=\"panel-1727-0-0-5\" class=\"so-panel widget widget_sow-image\" data-index=\"5\" ><div\n\t\t\t\n\t\t\tclass=\"so-widget-sow-image so-widget-sow-image-default-8b5b6f678277-1727\"\n\t\t\t\n\t\t>\n<div class=\"sow-image-container\">\n\t\t<img \n\tsrc=\"https:\/\/bi-boelgental.de\/wp-content\/uploads\/2018\/06\/B\u00fcrgerentscheid_04.jpg\" width=\"1062\" height=\"802\" srcset=\"https:\/\/bi-boelgental.de\/wp-content\/uploads\/2018\/06\/B\u00fcrgerentscheid_04.jpg 1062w, https:\/\/bi-boelgental.de\/wp-content\/uploads\/2018\/06\/B\u00fcrgerentscheid_04-300x227.jpg 300w, https:\/\/bi-boelgental.de\/wp-content\/uploads\/2018\/06\/B\u00fcrgerentscheid_04-768x580.jpg 768w, https:\/\/bi-boelgental.de\/wp-content\/uploads\/2018\/06\/B\u00fcrgerentscheid_04-1024x773.jpg 1024w, https:\/\/bi-boelgental.de\/wp-content\/uploads\/2018\/06\/B\u00fcrgerentscheid_04-945x714.jpg 945w, https:\/\/bi-boelgental.de\/wp-content\/uploads\/2018\/06\/B\u00fcrgerentscheid_04-600x453.jpg 600w\" sizes=\"(max-width: 1062px) 100vw, 1062px\" alt=\"\" \t\tclass=\"so-widget-image\"\/>\n\t<\/div>\n\n<\/div><\/div><div id=\"panel-1727-0-0-6\" class=\"so-panel widget widget_sow-image\" data-index=\"6\" ><div\n\t\t\t\n\t\t\tclass=\"so-widget-sow-image so-widget-sow-image-default-8b5b6f678277-1727\"\n\t\t\t\n\t\t>\n<div class=\"sow-image-container\">\n\t\t<img \n\tsrc=\"https:\/\/bi-boelgental.de\/wp-content\/uploads\/2018\/06\/B\u00fcrgerentscheid_05.jpg\" width=\"1061\" height=\"800\" srcset=\"https:\/\/bi-boelgental.de\/wp-content\/uploads\/2018\/06\/B\u00fcrgerentscheid_05.jpg 1061w, https:\/\/bi-boelgental.de\/wp-content\/uploads\/2018\/06\/B\u00fcrgerentscheid_05-300x226.jpg 300w, https:\/\/bi-boelgental.de\/wp-content\/uploads\/2018\/06\/B\u00fcrgerentscheid_05-768x579.jpg 768w, https:\/\/bi-boelgental.de\/wp-content\/uploads\/2018\/06\/B\u00fcrgerentscheid_05-1024x772.jpg 1024w, https:\/\/bi-boelgental.de\/wp-content\/uploads\/2018\/06\/B\u00fcrgerentscheid_05-945x713.jpg 945w, https:\/\/bi-boelgental.de\/wp-content\/uploads\/2018\/06\/B\u00fcrgerentscheid_05-600x452.jpg 600w\" sizes=\"(max-width: 1061px) 100vw, 1061px\" alt=\"\" \t\tclass=\"so-widget-image\"\/>\n\t<\/div>\n\n<\/div><\/div><div id=\"panel-1727-0-0-7\" class=\"so-panel widget widget_sow-image\" data-index=\"7\" ><div\n\t\t\t\n\t\t\tclass=\"so-widget-sow-image so-widget-sow-image-default-8b5b6f678277-1727\"\n\t\t\t\n\t\t>\n<div class=\"sow-image-container\">\n\t\t<img \n\tsrc=\"https:\/\/bi-boelgental.de\/wp-content\/uploads\/2018\/06\/B\u00fcrgerentscheid_06.jpg\" width=\"1060\" height=\"800\" srcset=\"https:\/\/bi-boelgental.de\/wp-content\/uploads\/2018\/06\/B\u00fcrgerentscheid_06.jpg 1060w, https:\/\/bi-boelgental.de\/wp-content\/uploads\/2018\/06\/B\u00fcrgerentscheid_06-300x226.jpg 300w, https:\/\/bi-boelgental.de\/wp-content\/uploads\/2018\/06\/B\u00fcrgerentscheid_06-768x580.jpg 768w, https:\/\/bi-boelgental.de\/wp-content\/uploads\/2018\/06\/B\u00fcrgerentscheid_06-1024x773.jpg 1024w, https:\/\/bi-boelgental.de\/wp-content\/uploads\/2018\/06\/B\u00fcrgerentscheid_06-945x713.jpg 945w, https:\/\/bi-boelgental.de\/wp-content\/uploads\/2018\/06\/B\u00fcrgerentscheid_06-600x453.jpg 600w\" sizes=\"(max-width: 1060px) 100vw, 1060px\" alt=\"\" \t\tclass=\"so-widget-image\"\/>\n\t<\/div>\n\n<\/div><\/div><div id=\"panel-1727-0-0-8\" class=\"so-panel widget widget_sow-image\" data-index=\"8\" ><div\n\t\t\t\n\t\t\tclass=\"so-widget-sow-image so-widget-sow-image-default-8b5b6f678277-1727\"\n\t\t\t\n\t\t>\n<div class=\"sow-image-container\">\n\t\t<img \n\tsrc=\"https:\/\/bi-boelgental.de\/wp-content\/uploads\/2018\/06\/B\u00fcrgerentscheid_09.jpg\" width=\"1268\" height=\"953\" srcset=\"https:\/\/bi-boelgental.de\/wp-content\/uploads\/2018\/06\/B\u00fcrgerentscheid_09.jpg 1268w, https:\/\/bi-boelgental.de\/wp-content\/uploads\/2018\/06\/B\u00fcrgerentscheid_09-300x225.jpg 300w, https:\/\/bi-boelgental.de\/wp-content\/uploads\/2018\/06\/B\u00fcrgerentscheid_09-768x577.jpg 768w, https:\/\/bi-boelgental.de\/wp-content\/uploads\/2018\/06\/B\u00fcrgerentscheid_09-1024x770.jpg 1024w, https:\/\/bi-boelgental.de\/wp-content\/uploads\/2018\/06\/B\u00fcrgerentscheid_09-945x710.jpg 945w, https:\/\/bi-boelgental.de\/wp-content\/uploads\/2018\/06\/B\u00fcrgerentscheid_09-600x451.jpg 600w\" sizes=\"(max-width: 1268px) 100vw, 1268px\" alt=\"\" \t\tclass=\"so-widget-image\"\/>\n\t<\/div>\n\n<\/div><\/div><div id=\"panel-1727-0-0-9\" class=\"so-panel widget widget_sow-image\" data-index=\"9\" ><div\n\t\t\t\n\t\t\tclass=\"so-widget-sow-image so-widget-sow-image-default-8b5b6f678277-1727\"\n\t\t\t\n\t\t>\n<div class=\"sow-image-container\">\n\t\t<img \n\tsrc=\"https:\/\/bi-boelgental.de\/wp-content\/uploads\/2018\/06\/B\u00fcrgerentscheid_07.jpg\" width=\"1062\" height=\"796\" srcset=\"https:\/\/bi-boelgental.de\/wp-content\/uploads\/2018\/06\/B\u00fcrgerentscheid_07.jpg 1062w, https:\/\/bi-boelgental.de\/wp-content\/uploads\/2018\/06\/B\u00fcrgerentscheid_07-300x225.jpg 300w, https:\/\/bi-boelgental.de\/wp-content\/uploads\/2018\/06\/B\u00fcrgerentscheid_07-768x576.jpg 768w, https:\/\/bi-boelgental.de\/wp-content\/uploads\/2018\/06\/B\u00fcrgerentscheid_07-1024x768.jpg 1024w, https:\/\/bi-boelgental.de\/wp-content\/uploads\/2018\/06\/B\u00fcrgerentscheid_07-945x708.jpg 945w, https:\/\/bi-boelgental.de\/wp-content\/uploads\/2018\/06\/B\u00fcrgerentscheid_07-600x450.jpg 600w\" sizes=\"(max-width: 1062px) 100vw, 1062px\" alt=\"\" \t\tclass=\"so-widget-image\"\/>\n\t<\/div>\n\n<\/div><\/div><div id=\"panel-1727-0-0-10\" class=\"so-panel widget widget_sow-image panel-last-child\" data-index=\"10\" ><div\n\t\t\t\n\t\t\tclass=\"so-widget-sow-image so-widget-sow-image-default-8b5b6f678277-1727\"\n\t\t\t\n\t\t>\n<div class=\"sow-image-container\">\n\t\t<img \n\tsrc=\"https:\/\/bi-boelgental.de\/wp-content\/uploads\/2018\/06\/Ende_01.jpg\" width=\"1063\" height=\"794\" srcset=\"https:\/\/bi-boelgental.de\/wp-content\/uploads\/2018\/06\/Ende_01.jpg 1063w, https:\/\/bi-boelgental.de\/wp-content\/uploads\/2018\/06\/Ende_01-300x224.jpg 300w, https:\/\/bi-boelgental.de\/wp-content\/uploads\/2018\/06\/Ende_01-768x574.jpg 768w, https:\/\/bi-boelgental.de\/wp-content\/uploads\/2018\/06\/Ende_01-1024x765.jpg 1024w, https:\/\/bi-boelgental.de\/wp-content\/uploads\/2018\/06\/Ende_01-945x706.jpg 945w, https:\/\/bi-boelgental.de\/wp-content\/uploads\/2018\/06\/Ende_01-600x448.jpg 600w\" sizes=\"(max-width: 1063px) 100vw, 1063px\" alt=\"\" \t\tclass=\"so-widget-image\"\/>\n\t<\/div>\n\n<\/div><\/div><\/div><\/div><\/div>","protected":false},"excerpt":{"rendered":"<p>Das Ergebnis des B\u00fcrgerentscheids! &nbsp; Der Sieg ist unser! Eine klare Mehrheit der Satteldorfer B\u00fcrger hat am 01.07.2018 mit &#8222;Ja&#8220; gestimmt und damit den B\u00fcrgerentscheid im Sinne der B\u00fcrgerinitiative entschieden! Einfach grandios, unglaublich!!!!! Damit haben jetzt Gemeinderat und Gemeindeverwaltung den&#8230; <a class=\"more-link\" href=\"https:\/\/bi-boelgental.de\/?page_id=1727\">Weiterlesen &rarr;<\/a><\/p>\n","protected":false},"author":1,"featured_media":1894,"parent":0,"menu_order":0,"comment_status":"closed","ping_status":"closed","template":"","meta":{"footnotes":""},"class_list":["post-1727","page","type-page","status-publish","has-post-thumbnail","hentry"],"_links":{"self":[{"href":"https:\/\/bi-boelgental.de\/index.php?rest_route=\/wp\/v2\/pages\/1727","targetHints":{"allow":["GET"]}}],"collection":[{"href":"https:\/\/bi-boelgental.de\/index.php?rest_route=\/wp\/v2\/pages"}],"about":[{"href":"https:\/\/bi-boelgental.de\/index.php?rest_route=\/wp\/v2\/types\/page"}],"author":[{"embeddable":true,"href":"https:\/\/bi-boelgental.de\/index.php?rest_route=\/wp\/v2\/users\/1"}],"replies":[{"embeddable":true,"href":"https:\/\/bi-boelgental.de\/index.php?rest_route=%2Fwp%2Fv2%2Fcomments&post=1727"}],"version-history":[{"count":12,"href":"https:\/\/bi-boelgental.de\/index.php?rest_route=\/wp\/v2\/pages\/1727\/revisions"}],"predecessor-version":[{"id":1915,"href":"https:\/\/bi-boelgental.de\/index.php?rest_route=\/wp\/v2\/pages\/1727\/revisions\/1915"}],"wp:featuredmedia":[{"embeddable":true,"href":"https:\/\/bi-boelgental.de\/index.php?rest_route=\/wp\/v2\/media\/1894"}],"wp:attachment":[{"href":"https:\/\/bi-boelgental.de\/index.php?rest_route=%2Fwp%2Fv2%2Fmedia&parent=1727"}],"curies":[{"name":"wp","href":"https:\/\/api.w.org\/{rel}","templated":true}]}}