{"id":40,"date":"2016-10-25T20:09:12","date_gmt":"2016-10-25T18:09:12","guid":{"rendered":"http:\/\/bi-boelgental.de\/?page_id=40"},"modified":"2017-10-31T14:07:47","modified_gmt":"2017-10-31T13:07:47","slug":"startseite","status":"publish","type":"page","link":"https:\/\/bi-boelgental.de\/?page_id=40","title":{"rendered":"Schutzgebiete und Wanderwege"},"content":{"rendered":"<div id=\"pl-40\"  class=\"panel-layout\" ><div id=\"pg-40-0\"  class=\"panel-grid panel-no-style\" ><div id=\"pgc-40-0-0\"  class=\"panel-grid-cell\" ><div id=\"panel-40-0-0-0\" class=\"so-panel widget widget_sow-image panel-first-child panel-last-child\" data-index=\"0\" ><div\n\t\t\t\n\t\t\tclass=\"so-widget-sow-image so-widget-sow-image-default-8b5b6f678277-40\"\n\t\t\t\n\t\t>\n<div class=\"sow-image-container\">\n\t\t<img \n\tsrc=\"https:\/\/bi-boelgental.de\/wp-content\/uploads\/2017\/01\/Schild-Naturschutzgebiet-1.jpg\" width=\"811\" height=\"1006\" srcset=\"https:\/\/bi-boelgental.de\/wp-content\/uploads\/2017\/01\/Schild-Naturschutzgebiet-1.jpg 811w, https:\/\/bi-boelgental.de\/wp-content\/uploads\/2017\/01\/Schild-Naturschutzgebiet-1-242x300.jpg 242w, https:\/\/bi-boelgental.de\/wp-content\/uploads\/2017\/01\/Schild-Naturschutzgebiet-1-768x953.jpg 768w, https:\/\/bi-boelgental.de\/wp-content\/uploads\/2017\/01\/Schild-Naturschutzgebiet-1-600x744.jpg 600w\" sizes=\"(max-width: 811px) 100vw, 811px\" title=\"Schild Naturschutzgebiet\" alt=\"\" \t\tclass=\"so-widget-image\"\/>\n\t<\/div>\n\n<\/div><\/div><\/div><div id=\"pgc-40-0-1\"  class=\"panel-grid-cell\" ><div id=\"panel-40-0-1-0\" class=\"so-panel widget widget_sow-editor panel-first-child panel-last-child\" data-index=\"1\" ><div\n\t\t\t\n\t\t\tclass=\"so-widget-sow-editor so-widget-sow-editor-base\"\n\t\t\t\n\t\t>\n<div class=\"siteorigin-widget-tinymce textwidget\">\n\t<p>Das Naturschutzgebiet umfasst das Jagsttal mit allen Seitent\u00e4lern<\/p>\n<\/div>\n<\/div><\/div><\/div><\/div><div id=\"pg-40-1\"  class=\"panel-grid panel-no-style\" ><div id=\"pgc-40-1-0\"  class=\"panel-grid-cell\" ><div id=\"panel-40-1-0-0\" class=\"so-panel widget widget_sow-image panel-first-child panel-last-child\" data-index=\"2\" ><div\n\t\t\t\n\t\t\tclass=\"so-widget-sow-image so-widget-sow-image-default-8b5b6f678277-40\"\n\t\t\t\n\t\t>\n<div class=\"sow-image-container\">\n\t\t<img \n\tsrc=\"https:\/\/bi-boelgental.de\/wp-content\/uploads\/2017\/01\/Schilder-Wanderwege-ausgeschnitten.jpg\" width=\"185\" height=\"794\" srcset=\"https:\/\/bi-boelgental.de\/wp-content\/uploads\/2017\/01\/Schilder-Wanderwege-ausgeschnitten.jpg 185w, https:\/\/bi-boelgental.de\/wp-content\/uploads\/2017\/01\/Schilder-Wanderwege-ausgeschnitten-70x300.jpg 70w\" sizes=\"(max-width: 185px) 100vw, 185px\" title=\"Schild Wanderwege\" alt=\"\" \t\tclass=\"so-widget-image\"\/>\n\t<\/div>\n\n<\/div><\/div><\/div><div id=\"pgc-40-1-1\"  class=\"panel-grid-cell\" ><div id=\"panel-40-1-1-0\" class=\"so-panel widget widget_sow-editor panel-first-child panel-last-child\" data-index=\"3\" ><div\n\t\t\t\n\t\t\tclass=\"so-widget-sow-editor so-widget-sow-editor-base\"\n\t\t\t\n\t\t>\n<div class=\"siteorigin-widget-tinymce textwidget\">\n\t<p>Viele Wanderwege f\u00fchren durch diesen Teil des Jagsttals. Besonders bekannt sind der Kocher-Jagst-Trail sowie der Jakobsweg! Er ist der bekannteste Pilgerweg der Welt. Seit \u00fcber 1000 Jahre wandern Pilger zum Grab des Apostels Jakobus in der spanischen Stadt Santiago de Compostela.<\/p>\n<\/div>\n<\/div><\/div><\/div><\/div><div id=\"pg-40-2\"  class=\"panel-grid panel-no-style\" ><div id=\"pgc-40-2-0\"  class=\"panel-grid-cell\" ><div id=\"panel-40-2-0-0\" class=\"so-panel widget widget_sow-slider panel-first-child panel-last-child\" data-index=\"4\" ><div\n\t\t\t\n\t\t\tclass=\"so-widget-sow-slider so-widget-sow-slider-default-6d39609536fd-40\"\n\t\t\t\n\t\t>\t\t\t\t<div class=\"sow-slider-base\" style=\"display: none\" tabindex=\"0\">\n\t\t\t\t\t<ul\n\t\t\t\t\tclass=\"sow-slider-images\"\n\t\t\t\t\tdata-settings=\"{&quot;pagination&quot;:true,&quot;speed&quot;:800,&quot;timeout&quot;:8000,&quot;paused&quot;:false,&quot;pause_on_hover&quot;:false,&quot;swipe&quot;:true,&quot;nav_always_show_desktop&quot;:&quot;&quot;,&quot;nav_always_show_mobile&quot;:&quot;&quot;,&quot;breakpoint&quot;:&quot;780px&quot;,&quot;unmute&quot;:false,&quot;anchor&quot;:null}\"\n\t\t\t\t\t\t\t\t\t\tdata-anchor-id=\"\"\n\t\t\t\t>\t\t<li class=\"sow-slider-image\" style=\"visibility: visible;\" >\n\t\t\t\t\t\t<img loading=\"lazy\" decoding=\"async\" width=\"3072\" height=\"2048\" src=\"https:\/\/bi-boelgental.de\/wp-content\/uploads\/2016\/11\/Steg-Heinzenm\u00fchle-06_web.jpg\" class=\"sow-slider-background-image\" alt=\"\" style=\"\" srcset=\"https:\/\/bi-boelgental.de\/wp-content\/uploads\/2016\/11\/Steg-Heinzenm\u00fchle-06_web.jpg 3072w, https:\/\/bi-boelgental.de\/wp-content\/uploads\/2016\/11\/Steg-Heinzenm\u00fchle-06_web-300x200.jpg 300w, https:\/\/bi-boelgental.de\/wp-content\/uploads\/2016\/11\/Steg-Heinzenm\u00fchle-06_web-768x512.jpg 768w, https:\/\/bi-boelgental.de\/wp-content\/uploads\/2016\/11\/Steg-Heinzenm\u00fchle-06_web-1024x683.jpg 1024w\" sizes=\"auto, (max-width: 3072px) 100vw, 3072px\" \/>\t\t<\/li>\n\t\t\t\t<li class=\"sow-slider-image\" style=\"visibility: hidden;\" >\n\t\t\t\t\t\t<img loading=\"lazy\" decoding=\"async\" width=\"3072\" height=\"2048\" src=\"https:\/\/bi-boelgental.de\/wp-content\/uploads\/2016\/11\/Bilck-auf-Rohstoffsicherungsgebiet-03_web.jpg\" class=\"sow-slider-background-image\" alt=\"\" style=\"\" srcset=\"https:\/\/bi-boelgental.de\/wp-content\/uploads\/2016\/11\/Bilck-auf-Rohstoffsicherungsgebiet-03_web.jpg 3072w, https:\/\/bi-boelgental.de\/wp-content\/uploads\/2016\/11\/Bilck-auf-Rohstoffsicherungsgebiet-03_web-300x200.jpg 300w, https:\/\/bi-boelgental.de\/wp-content\/uploads\/2016\/11\/Bilck-auf-Rohstoffsicherungsgebiet-03_web-768x512.jpg 768w, https:\/\/bi-boelgental.de\/wp-content\/uploads\/2016\/11\/Bilck-auf-Rohstoffsicherungsgebiet-03_web-1024x683.jpg 1024w\" sizes=\"auto, (max-width: 3072px) 100vw, 3072px\" \/>\t\t<\/li>\n\t\t\t\t<li class=\"sow-slider-image\" style=\"visibility: hidden;\" >\n\t\t\t\t\t\t<img loading=\"lazy\" decoding=\"async\" width=\"3072\" height=\"2048\" src=\"https:\/\/bi-boelgental.de\/wp-content\/uploads\/2017\/01\/Sommerwanderung_25.jpg\" class=\"sow-slider-background-image\" alt=\"\" style=\"\" srcset=\"https:\/\/bi-boelgental.de\/wp-content\/uploads\/2017\/01\/Sommerwanderung_25.jpg 3072w, https:\/\/bi-boelgental.de\/wp-content\/uploads\/2017\/01\/Sommerwanderung_25-300x200.jpg 300w, https:\/\/bi-boelgental.de\/wp-content\/uploads\/2017\/01\/Sommerwanderung_25-768x512.jpg 768w, https:\/\/bi-boelgental.de\/wp-content\/uploads\/2017\/01\/Sommerwanderung_25-1024x683.jpg 1024w, https:\/\/bi-boelgental.de\/wp-content\/uploads\/2017\/01\/Sommerwanderung_25-945x630.jpg 945w, https:\/\/bi-boelgental.de\/wp-content\/uploads\/2017\/01\/Sommerwanderung_25-600x400.jpg 600w, https:\/\/bi-boelgental.de\/wp-content\/uploads\/2017\/01\/Sommerwanderung_25-272x182.jpg 272w\" sizes=\"auto, (max-width: 3072px) 100vw, 3072px\" \/>\t\t<\/li>\n\t\t\t\t<li class=\"sow-slider-image\" style=\"visibility: hidden;\" >\n\t\t\t\t\t\t<img loading=\"lazy\" decoding=\"async\" width=\"1536\" height=\"2048\" src=\"https:\/\/bi-boelgental.de\/wp-content\/uploads\/2016\/11\/IMG_1041_web.jpg\" class=\"sow-slider-background-image\" alt=\"\" style=\"\" srcset=\"https:\/\/bi-boelgental.de\/wp-content\/uploads\/2016\/11\/IMG_1041_web.jpg 1536w, https:\/\/bi-boelgental.de\/wp-content\/uploads\/2016\/11\/IMG_1041_web-225x300.jpg 225w, https:\/\/bi-boelgental.de\/wp-content\/uploads\/2016\/11\/IMG_1041_web-768x1024.jpg 768w\" sizes=\"auto, (max-width: 1536px) 100vw, 1536px\" \/>\t\t<\/li>\n\t\t\t\t<li class=\"sow-slider-image\" style=\"visibility: hidden;\" >\n\t\t\t\t\t\t<img loading=\"lazy\" decoding=\"async\" width=\"3072\" height=\"2048\" src=\"https:\/\/bi-boelgental.de\/wp-content\/uploads\/2017\/01\/Sommerwanderung_06.jpg\" class=\"sow-slider-background-image\" alt=\"\" style=\"\" srcset=\"https:\/\/bi-boelgental.de\/wp-content\/uploads\/2017\/01\/Sommerwanderung_06.jpg 3072w, https:\/\/bi-boelgental.de\/wp-content\/uploads\/2017\/01\/Sommerwanderung_06-300x200.jpg 300w, https:\/\/bi-boelgental.de\/wp-content\/uploads\/2017\/01\/Sommerwanderung_06-768x512.jpg 768w, https:\/\/bi-boelgental.de\/wp-content\/uploads\/2017\/01\/Sommerwanderung_06-1024x683.jpg 1024w, https:\/\/bi-boelgental.de\/wp-content\/uploads\/2017\/01\/Sommerwanderung_06-945x630.jpg 945w, https:\/\/bi-boelgental.de\/wp-content\/uploads\/2017\/01\/Sommerwanderung_06-600x400.jpg 600w, https:\/\/bi-boelgental.de\/wp-content\/uploads\/2017\/01\/Sommerwanderung_06-272x182.jpg 272w\" sizes=\"auto, (max-width: 3072px) 100vw, 3072px\" \/>\t\t<\/li>\n\t\t\t\t<li class=\"sow-slider-image\" style=\"visibility: hidden;\" >\n\t\t\t\t\t\t<img loading=\"lazy\" decoding=\"async\" width=\"3072\" height=\"2048\" src=\"https:\/\/bi-boelgental.de\/wp-content\/uploads\/2017\/01\/Sommerwanderung_30.jpg\" class=\"sow-slider-background-image\" alt=\"\" style=\"\" srcset=\"https:\/\/bi-boelgental.de\/wp-content\/uploads\/2017\/01\/Sommerwanderung_30.jpg 3072w, https:\/\/bi-boelgental.de\/wp-content\/uploads\/2017\/01\/Sommerwanderung_30-300x200.jpg 300w, https:\/\/bi-boelgental.de\/wp-content\/uploads\/2017\/01\/Sommerwanderung_30-768x512.jpg 768w, https:\/\/bi-boelgental.de\/wp-content\/uploads\/2017\/01\/Sommerwanderung_30-1024x683.jpg 1024w, https:\/\/bi-boelgental.de\/wp-content\/uploads\/2017\/01\/Sommerwanderung_30-945x630.jpg 945w, https:\/\/bi-boelgental.de\/wp-content\/uploads\/2017\/01\/Sommerwanderung_30-600x400.jpg 600w, https:\/\/bi-boelgental.de\/wp-content\/uploads\/2017\/01\/Sommerwanderung_30-272x182.jpg 272w\" sizes=\"auto, (max-width: 3072px) 100vw, 3072px\" \/>\t\t<\/li>\n\t\t\t\t<li class=\"sow-slider-image\" style=\"visibility: hidden;\" >\n\t\t\t\t\t\t<img loading=\"lazy\" decoding=\"async\" width=\"1536\" height=\"2048\" src=\"https:\/\/bi-boelgental.de\/wp-content\/uploads\/2016\/11\/IMG_0942_web.jpg\" class=\"sow-slider-background-image\" alt=\"\" style=\"\" srcset=\"https:\/\/bi-boelgental.de\/wp-content\/uploads\/2016\/11\/IMG_0942_web.jpg 1536w, https:\/\/bi-boelgental.de\/wp-content\/uploads\/2016\/11\/IMG_0942_web-225x300.jpg 225w, https:\/\/bi-boelgental.de\/wp-content\/uploads\/2016\/11\/IMG_0942_web-768x1024.jpg 768w\" sizes=\"auto, (max-width: 1536px) 100vw, 1536px\" \/>\t\t<\/li>\n\t\t<\/ul>\t\t\t\t<ol class=\"sow-slider-pagination\">\n\t\t\t\t\t\t\t\t\t\t\t<li><a href=\"#\" data-goto=\"0\" aria-label=\"Display slide 1\"><\/a><\/li>\n\t\t\t\t\t\t\t\t\t\t\t<li><a href=\"#\" data-goto=\"1\" aria-label=\"Display slide 2\"><\/a><\/li>\n\t\t\t\t\t\t\t\t\t\t\t<li><a href=\"#\" data-goto=\"2\" aria-label=\"Display slide 3\"><\/a><\/li>\n\t\t\t\t\t\t\t\t\t\t\t<li><a href=\"#\" data-goto=\"3\" aria-label=\"Display slide 4\"><\/a><\/li>\n\t\t\t\t\t\t\t\t\t\t\t<li><a href=\"#\" data-goto=\"4\" aria-label=\"Display slide 5\"><\/a><\/li>\n\t\t\t\t\t\t\t\t\t\t\t<li><a href=\"#\" data-goto=\"5\" aria-label=\"Display slide 6\"><\/a><\/li>\n\t\t\t\t\t\t\t\t\t\t\t<li><a href=\"#\" data-goto=\"6\" aria-label=\"Display slide 7\"><\/a><\/li>\n\t\t\t\t\t\t\t\t\t<\/ol>\n\n\t\t\t\t<div class=\"sow-slide-nav sow-slide-nav-next\">\n\t\t\t\t\t<a href=\"#\" data-goto=\"next\" aria-label=\"Next slide\" data-action=\"next\">\n\t\t\t\t\t\t<em class=\"sow-sld-icon-thin-right\"><\/em>\n\t\t\t\t\t<\/a>\n\t\t\t\t<\/div>\n\n\t\t\t\t<div class=\"sow-slide-nav sow-slide-nav-prev\">\n\t\t\t\t\t<a href=\"#\" data-goto=\"previous\" aria-label=\"Previous slide\" data-action=\"prev\">\n\t\t\t\t\t\t<em class=\"sow-sld-icon-thin-left\"><\/em>\n\t\t\t\t\t<\/a>\n\t\t\t\t<\/div>\n\t\t\t\t<\/div><\/div><\/div><\/div><div id=\"pgc-40-2-1\"  class=\"panel-grid-cell\" ><div id=\"panel-40-2-1-0\" class=\"so-panel widget widget_sow-editor panel-first-child panel-last-child\" data-index=\"5\" ><div\n\t\t\t\n\t\t\tclass=\"so-widget-sow-editor so-widget-sow-editor-base\"\n\t\t\t\n\t\t><h3 class=\"widget-title\">Landschaftliche Impressionen<\/h3>\n<div class=\"siteorigin-widget-tinymce textwidget\">\n\t<p>rund um B\u00f6lgental, einem beliebten Naherholungsgebiet f\u00fcr die B\u00fcrger Satteldorfs und der umliegenden Gemeinden.<\/p>\n<\/div>\n<\/div><\/div><\/div><\/div><div id=\"pg-40-3\"  class=\"panel-grid panel-no-style\" ><div id=\"pgc-40-3-0\"  class=\"panel-grid-cell\" ><div id=\"panel-40-3-0-0\" class=\"so-panel widget widget_sow-image panel-first-child panel-last-child\" data-index=\"6\" ><div\n\t\t\t\n\t\t\tclass=\"so-widget-sow-image so-widget-sow-image-default-8b5b6f678277-40\"\n\t\t\t\n\t\t>\n<div class=\"sow-image-container\">\n\t\t\t<a href=\"https:\/\/www.openstreetmap.de\/karte.html#\"\n\t\t\ttarget=\"_blank\" rel=\"noopener noreferrer\" \t\t>\n\t\t\t<img \n\tsrc=\"https:\/\/bi-boelgental.de\/wp-content\/uploads\/2017\/04\/Karte_Rundwanderung_web.jpg\" width=\"1919\" height=\"1077\" srcset=\"https:\/\/bi-boelgental.de\/wp-content\/uploads\/2017\/04\/Karte_Rundwanderung_web.jpg 1919w, https:\/\/bi-boelgental.de\/wp-content\/uploads\/2017\/04\/Karte_Rundwanderung_web-300x168.jpg 300w, https:\/\/bi-boelgental.de\/wp-content\/uploads\/2017\/04\/Karte_Rundwanderung_web-768x431.jpg 768w, https:\/\/bi-boelgental.de\/wp-content\/uploads\/2017\/04\/Karte_Rundwanderung_web-1024x575.jpg 1024w, https:\/\/bi-boelgental.de\/wp-content\/uploads\/2017\/04\/Karte_Rundwanderung_web-945x530.jpg 945w, https:\/\/bi-boelgental.de\/wp-content\/uploads\/2017\/04\/Karte_Rundwanderung_web-600x337.jpg 600w\" sizes=\"(max-width: 1919px) 100vw, 1919px\" title=\"Wanderkarte B\u00f6lgental mit Heinzenm\u00fchle und Hammerschmiede. Quelle: http:\/\/www.geoportal-bw.de\" alt=\"\" \t\tclass=\"so-widget-image\"\/>\n\t\t\t<\/a><\/div>\n\n<\/div><\/div><\/div><div id=\"pgc-40-3-1\"  class=\"panel-grid-cell\" ><div id=\"panel-40-3-1-0\" class=\"so-panel widget widget_sow-editor panel-first-child panel-last-child\" data-index=\"7\" ><div\n\t\t\t\n\t\t\tclass=\"so-widget-sow-editor so-widget-sow-editor-base\"\n\t\t\t\n\t\t>\n<div class=\"siteorigin-widget-tinymce textwidget\">\n\t<p>Wir m\u00f6chten Sie mitnehmen<\/p>\n<p>zu einer\u00a0 <a href=\"http:\/\/bi-boelgental.de\/?page_id=141\" target=\"_blank\">Sommerwanderung<\/a><\/p>\n<p>und zu einer <a href=\"http:\/\/bi-boelgental.de\/?page_id=239\" target=\"_blank\">Winterwanderung<\/a><\/p>\n<p>Der Link zum <a href=\"http:\/\/sg.geodatenzentrum.de\/web_bkg_webmap\/applications\/dop\/dop_viewer.html?zoom=10&amp;lat=5448239.90465&amp;lon=576919.41701&amp;layers=B0FFTTT\" target=\"_blank\">Geodatenzentrum<\/a><\/p>\n<\/div>\n<\/div><\/div><\/div><\/div><div id=\"pg-40-4\"  class=\"panel-grid panel-no-style\" ><div id=\"pgc-40-4-0\"  class=\"panel-grid-cell panel-grid-cell-empty\" ><\/div><\/div><\/div>","protected":false},"excerpt":{"rendered":"<p>Das Naturschutzgebiet umfasst das Jagsttal mit allen Seitent\u00e4lern Viele Wanderwege f\u00fchren durch diesen Teil des Jagsttals. Besonders bekannt sind der Kocher-Jagst-Trail sowie der Jakobsweg! Er ist der bekannteste Pilgerweg der Welt. Seit \u00fcber 1000 Jahre wandern Pilger zum Grab des&#8230; <a class=\"more-link\" href=\"https:\/\/bi-boelgental.de\/?page_id=40\">Weiterlesen &rarr;<\/a><\/p>\n","protected":false},"author":1,"featured_media":0,"parent":0,"menu_order":2,"comment_status":"closed","ping_status":"closed","template":"","meta":{"footnotes":""},"class_list":["post-40","page","type-page","status-publish","hentry"],"_links":{"self":[{"href":"https:\/\/bi-boelgental.de\/index.php?rest_route=\/wp\/v2\/pages\/40","targetHints":{"allow":["GET"]}}],"collection":[{"href":"https:\/\/bi-boelgental.de\/index.php?rest_route=\/wp\/v2\/pages"}],"about":[{"href":"https:\/\/bi-boelgental.de\/index.php?rest_route=\/wp\/v2\/types\/page"}],"author":[{"embeddable":true,"href":"https:\/\/bi-boelgental.de\/index.php?rest_route=\/wp\/v2\/users\/1"}],"replies":[{"embeddable":true,"href":"https:\/\/bi-boelgental.de\/index.php?rest_route=%2Fwp%2Fv2%2Fcomments&post=40"}],"version-history":[{"count":38,"href":"https:\/\/bi-boelgental.de\/index.php?rest_route=\/wp\/v2\/pages\/40\/revisions"}],"predecessor-version":[{"id":938,"href":"https:\/\/bi-boelgental.de\/index.php?rest_route=\/wp\/v2\/pages\/40\/revisions\/938"}],"wp:attachment":[{"href":"https:\/\/bi-boelgental.de\/index.php?rest_route=%2Fwp%2Fv2%2Fmedia&parent=40"}],"curies":[{"name":"wp","href":"https:\/\/api.w.org\/{rel}","templated":true}]}}